= 7*w**2 - 2*w + 1. Let h be y(-2). Let v = -25 + h. Let a = 121 - v. Is a composite?
False
Let f(x) = 2*x + 4*x + 9*x - 1 - 9*x**2 - x**3. Is f(-12) a prime number?
True
Let r(q) = 860*q**2 - 4*q - 5. Is r(4) a prime number?
False
Let g(m) be the third derivative of m**6/40 + m**5/30 - 5*m**4/24 + m**3/2 - 5*m**2. Is g(5) a composite number?
True
Suppose -12*p = -7*p - 60. Let o be (-940)/p + (-16)/(-12). Is o/((-1)/(0 + 1)) a prime number?
False
Let v = -43 - -10. Let j = -33 - v. Suppose -3*m + 5*p + 1673 = j, 5*p + 774 = 5*m - 2001. Is m a composite number?
True
Let y(d) = 63*d**2 + 3*d + 1. Let c be y(-1). Suppose l = -8 + c. Is l prime?
True
Let s(i) = i**3 + i**2 - i + 12. Let z be s(0). Suppose 4*f + 0 - z = 0. Suppose 6*o = f*o + 42. Is o a composite number?
True
Suppose -w + 232 = -0*w. Let u = -484 + 879. Let g = u - w. Is g a prime number?
True
Let i be 4/(-16) + 77/4. Suppose 26 = 5*g - i. Suppose -12*q + 39 = -g*q. Is q a composite number?
False
Let k(o) = -1191*o - 62. Is k(-3) a composite number?
False
Suppose -2*f = 2*q, 6*f = 4*q + 2*f - 24. Is q - (-20)/6*24/10 prime?
True
Let k be (-1 - -1663) + 12 + -15. Let q = k - 796. Is q a composite number?
False
Suppose 23*u = -64*u + 552711. Is u a prime number?
True
Suppose -5*n + p + 94 = 0, -3*p - 16 = p. Is 7430/n - (-8)/36 a prime number?
False
Let i = 59 + -105. Is (112 + 4)*i/(-8) a prime number?
False
Let f be 3*2/6 + 12. Let n(k) = 7 + 1 + f*k**2 - 4. Is n(3) composite?
True
Suppose 2*p - 18050 = -2*x, 4*x + 3*p - 18046 = 2*x. Is x prime?
True
Let v(i) = -i**2 - i + 34. Let s be v(0). Suppose -n - n = -5*a + s, 2*n = -a - 22. Let j(k) = k**3 + 12*k**2 - 3*k + 7. Is j(n) prime?
True
Let k = 51 + -31. Let o(r) = 12 + k*r + 9*r - 4 + 4. Is o(11) composite?
False
Let w(v) = -v**2 + 5*v - 6. Let c be w(4). Is 9/(-6) + (-89)/c a prime number?
True
Suppose 4*a - 4*q + 8*q = -56, 3*q - 3 = 2*a. Let j(t) = -t**3 - 4*t**2 + 23*t + 13. Is j(a) a prime number?
True
Suppose -15*c + 4*i - 29213 = -18*c, 0 = -c - i + 9739. Is c composite?
False
Is -23151*1/9*-3 a composite number?
False
Let p be 0/(0 - 4) - -78. Suppose 16 = 4*d + 2*y, -2*y = 2 + 2. Suppose 8 = -d*z + p. Is z composite?
True
Suppose -2*d = -5*d + 15. Suppose -6031 = -d*r + 699. Suppose -3*g + g + r = 0. Is g a prime number?
True
Suppose 4*q = 3*k + 32118, 3*k + 8025 = 5*q - 4*q. Is q prime?
False
Let b(k) = -7*k**2 + k + 2843. Is b(0) prime?
True
Let c(l) = -l**2 + 1. Let v(a) = 4*a**3 - 13*a**2 + 8*a - 9. Let w(o) = -6*c(o) + v(o). Is w(4) a prime number?
False
Suppose 486340 = 2*u + 18*u. Is u prime?
True
Let b = -95 - -95. Suppose b = j - 3*p - 1256, -5*j + 6220 = p + 4*p. Is j composite?
True
Suppose -7*u + 5*u = 0. Suppose u = -f + 533 - 114. Is f composite?
False
Suppose 6*g = 3*g + 2*f + 155284, 0 = g + 5*f - 51733. Suppose 0*j - g = -14*j. Is j a prime number?
True
Let n(z) = -96*z + 8. Let t be n(-6). Let y = t + -294. Suppose 2*s - 1052 - y = 0. Is s composite?
True
Let a(i) = 18*i**2 + 16*i - 21. Is a(11) composite?
False
Let k(l) = 493*l + 38. Let g be 5 + 22/55*(-10)/(-2). Is k(g) a composite number?
True
Let b = 349 - 12. Is b composite?
False
Suppose 3*l - 10 = 2. Suppose -2082 = -l*p - 454. Is p composite?
True
Suppose h = -2*f + 903, f + 249 - 708 = -2*h. Is f a prime number?
True
Let s(t) = -t**2 - 10*t. Let i be s(-10). Let q be 50/10 + i + 0. Suppose 5*g - q*u - 1480 = 0, -3*g + 1345 - 460 = -2*u. Is g a composite number?
False
Suppose 0*c - 89 = -2*c - o, 5*c = -5*o + 215. Let u = c + 391. Is u prime?
False
Let q(g) = -104*g - 1. Let c be q(-1). Let f = c + -45. Is 2 - f/(-3 - -1) composite?
False
Let x(p) = 92*p**2 - 17*p - 55. Is x(-6) composite?
False
Let a(s) = 571*s - 306. Is a(7) prime?
True
Let s = 2782 + -1617. Let f = -512 + s. Is f a prime number?
True
Is (1 + 8 - 2) + 20400 a prime number?
True
Let x = -259 - -92. Let r = x - -110. Is 4/3*r/(-2) composite?
True
Let l = -2352 + 5275. Is l composite?
True
Let o(l) be the second derivative of -31*l**5/20 + l**4/6 + l**3/6 - 3*l. Let z be o(-1). Let n = 47 - z. Is n a composite number?
True
Let a be 2*(-2)/5 + (-1113)/(-35). Suppose d + 2*i = a, -d - 5*i - 62 = -3*d. Is d composite?
False
Is 3108262/26 + (-300)/(-650) prime?
True
Let k(g) = 79*g**2 - 10*g + 12. Let m(q) = q**2 - q + 1. Let h(c) = k(c) + 2*m(c). Is h(7) composite?
True
Suppose 4*y + 2*t - 395 = y, -529 = -4*y - 5*t. Suppose g = 1492 - y. Is g a composite number?
False
Suppose -h + 1507 + 148 = u, -2*h + 3308 = 3*u. Is h prime?
True
Suppose 4*s = -2*w, -4*s + s = -3. Let t be 2/(-4) - 19/w. Suppose -t*x = -14*x + 170. Is x a composite number?
True
Suppose -49*w = -74*w + 857825. Is w a composite number?
False
Suppose -5*z = -2*z, -3*l + 3*z + 5973 = 0. Suppose l = -5*u + 8716. Is u a composite number?
True
Let l(n) = -n - 3. Let v be l(-6). Let m be (-1 - v*-4) + 1. Suppose 7*z + 385 = m*z. Is z a composite number?
True
Let f = -9 - -23. Suppose -5*h - 4 = -f. Suppose h*o - 44 = -5*k, -k + 25 = -2*o - 3*o. Is k prime?
False
Suppose 4*v + 4*q - 28 = 0, -31 = -5*q - 11. Suppose 2*w - v*b - 2255 = 0, -4*w + 0*b + 4545 = b. Is w a prime number?
False
Suppose -282*q + 288*q = 31938. Is q a prime number?
True
Suppose 2*v - 26378 = -5*b, 6*b - 3*v = 2*b + 21107. Suppose b = -3*q + 7*q. Is q prime?
True
Suppose 92*z - 84*z = 424. Is z a prime number?
True
Let b = 45340 - 29967. Is b composite?
False
Suppose 5*h - 4*w = 325, -3*h - 3*w + 6*w = -198. Let c be (1 - 1) + h/(-1). Let u = c - -284. Is u prime?
True
Suppose 2*w = 3*q - 25, -3*q + 2*q = 3*w + 10. Suppose 6*k + 2*y = 3*k + 11, -y = -q*k + 27. Suppose 0 = -3*g + k*g - 422. Is g a composite number?
False
Let g be 2 + (-4 - (-4 - 16)). Is (-17270)/(-198) + (-4)/g a composite number?
True
Let q = -1048 - -2262. Is q a composite number?
True
Suppose 21 = 2*p - p. Suppose 3*y = 6*y + 7479. Is (-4)/(-14) - y/p a composite number?
True
Let g(t) = -71*t + 14. Let f be g(-4). Let x = -209 + f. Is x a prime number?
True
Suppose -u + 4060 = 3*u. Suppose n + 4*n = u. Is n a prime number?
False
Suppose 36 = 2*n + 2*n. Let j = n + -7. Suppose -5*h = -j*b - 433, -68 - 179 = -3*h - 2*b. Is h prime?
False
Suppose i - 5 = 0, 3*m - 3*i - 8590 = i. Let n = m - 1239. Is n composite?
True
Let u(j) = 127*j - 8. Suppose -b + 7 = 19. Let x be u(b). Let z = -811 - x. Is z a prime number?
False
Let k be 0 - (-25 + -4) - 3. Suppose 27*s - 886 = k*s. Is s prime?
False
Let a be 10/4*(-8)/(-4). Let m(v) = v + 6*v**2 - 13 - a*v**2 + 0*v**2. Is m(10) prime?
True
Let b(y) = -y**3 + 9*y**2 - y + 10. Is b(-9) a prime number?
False
Let o(v) = v - 9. Let h be o(11). Suppose -251 = -2*z + 3*c + 2*c, -3*z = h*c - 348. Is z a composite number?
True
Let g = -14 - -14. Suppose -2*z - 322 = -g*z. Let l = z - -250. Is l a prime number?
True
Is (-2 + 3)/((-12)/2029032*-6) a prime number?
True
Let o(p) = 13*p**3 + 5*p**2 + 10 - 14*p - 21*p**3 + 6*p**3. Let h be o(10). Is (2/(-10))/(2/h) composite?
False
Suppose -5*d + 3*z + 16365 = -43140, 0 = d - 5*z - 11901. Is (d/(-9))/(1/(-3)) a prime number?
True
Suppose 23*a - 8205 = 18*a. Is a prime?
False
Let f = 9 + -5. Let j be (29/2)/(f/56). Let t = -54 + j. Is t prime?
True
Suppose -5*k + 2 = -4*k. Suppose -3*m + 1404 = 3*r, -k*r - 628 = -3*m + 766. Is m prime?
False
Let u(t) = t**3 - 4*t**2 + 6*t - 5. Let v be u(4). Suppose -2*g = 0, -5*y - 5*g = -v + 119. Let i = y - -78. Is i composite?
True
Let t = 14 + -41. Let k be ((-72)/t)/((-1)/(-3)). Suppose 12*h - 716 = k*h. Is h composite?
False
Let i(o) = -4*o**2 - 2*o. Let q be i(-2). Let x = q - -49. Let a = x - 0. Is a a prime number?
True
Let x(r) = -14 + 82*r - 25*r - 2. Let t be x(8). Let m = t - 313. Is m a composite number?
False
Let h(a) = 28*a**2 + a. Let v be h(2). Let z = 683 + v. Is z a composite number?
False
Let z be 3/12*-4 + 55. Let w = 37 - -39. Let h = w - z. Is h a composite number?
True
Suppose 2*u + 24 = 4*t, 0 = 2*t + 3*u - 19 - 1. Let d be (9/2)/(((-66)/(-16))/11). Let r = d + t. Is r prime?
True
Suppose -g = -4*r - 5*g + 224, -4*r + g = -229. Suppose -43*u - 448 = -47*u. Let d = u - r. Is d a prime number?
False
Let x be (1/3)/(1/15). Suppose x*s - 4*f = -2*f + 260, -2*s + 104 = -3*f. Suppose -2*c + 54 + s = 0. Is c a composite number?
False
Let h(r) = 120